{"id":2,"date":"2020-03-23T15:11:54","date_gmt":"2020-03-23T14:11:54","guid":{"rendered":"http:\/\/lmsdemo.wp.zitac.net\/?page_id=2"},"modified":"2026-02-04T10:55:33","modified_gmt":"2026-02-04T09:55:33","slug":"exempelsida","status":"publish","type":"page","link":"https:\/\/lmsdemo.wp.zitac.net\/?page_id=2","title":{"rendered":"Exempelsida"},"content":{"rendered":"\n<p>Detta \u00e4r en exempelsida. Den skiljer sig fr\u00e5n ett blogginl\u00e4gg genom att den finns kvar p\u00e5 samma plats och kommer att visas i din webbplatsnavigering (i de flesta teman). De flesta b\u00f6rjar med en Om-sida som presenterar dem f\u00f6r potentiella bes\u00f6kare. Den skulle t.ex kunna ha f\u00f6ljande inneh\u00e5ll:<\/p>\n\n\n\n<blockquote class=\"wp-block-quote is-layout-flow wp-block-quote-is-layout-flow\">\n<p>Hej d\u00e4r! Jag \u00e4r cykelbud p\u00e5 dagen, blivande sk\u00e5despelare p\u00e5 natten och detta \u00e4r min blogg. Jag bor i \u00d6rebro, har en katt som heter Lurv och jag gillar Pina Coladas. (och att simma i G\u00f6ta kanal).<\/p>\n\n\n\n<figure class=\"wp-block-video\" data-bynder-id=\"566ED4BB-1E31-47ED-917BE9E24F79113D\"><video controls src=\"https:\/\/d2csxpduxe849s.cloudfront.net\/media\/4C2B7CAF-BE6F-46E0-864C5D4A962BBC46\/566ED4BB-1E31-47ED-917BE9E24F79113D\/102BB02E-D852-4C71-BB506ECD32C1FCA4.mp4\"><\/video><\/figure>\n<\/blockquote>\n\n\n\n<blockquote class=\"wp-block-quote is-layout-flow wp-block-quote-is-layout-flow\">\n<p>F\u00f6retaget AB grundades 1971 och har sedan dess varit den st\u00f6rsta leverant\u00f6ren av grunk-manicker p\u00e5 den svenska marknaden. FAB finns i utkanten av Gr\u00f6nk\u00f6ping, har drygt 20&nbsp;000 anst\u00e4llda och l\u00e4ser veckobladet varje \u00e5r.<\/p>\n<\/blockquote>\n\n\n\n<p>Som ny WordPress-anv\u00e4ndare b\u00f6r du g\u00e5 till din <a href=\"http:\/\/lmsdemo.wp.zitac.net\/wp-admin\/\">adminpanel<\/a> f\u00f6r att radera denna sida och skapa nya sidor f\u00f6r ditt inneh\u00e5ll. Lycka till!<\/p>\n\n\n\n<div class=\"wp-block-file\" data-bynder-id=\"A0834208-45B6-475E-BE75A33D5822102E\"><a id=\"wp-block-file--media-880c3b7d-0e5e-498a-9f8a-462bcb2f273f\">Lekolar Pa\u030askutskick v2<\/a><a href=\"https:\/\/zitacsolutions-demo.bynder.com\/m\/b65d3235347a8e12\/original\/Lekolar-Pa-skutskick-v2.pdf\" class=\"wp-block-file__button wp-element-button\" download aria-describedby=\"wp-block-file--media-880c3b7d-0e5e-498a-9f8a-462bcb2f273f\">Download<\/a><\/div>\n\n\n\n<p><\/p>\n\n\n\n<p><\/p>\n\n\n\n<div class=\"wp-block-group is-layout-constrained wp-block-group-is-layout-constrained\"><\/div>\n","protected":false},"excerpt":{"rendered":"<p>Detta \u00e4r en exempelsida. Den skiljer sig fr\u00e5n ett blogginl\u00e4gg genom att den finns kvar p\u00e5 samma plats och kommer att visas i din webbplatsnavigering (i de flesta teman). De flesta b\u00f6rjar med en Om-sida som presenterar dem f\u00f6r potentiella bes\u00f6kare. Den skulle t.ex kunna ha f\u00f6ljande inneh\u00e5ll: F\u00f6retaget AB grundades 1971 och har sedan [&hellip;]<\/p>\n","protected":false},"author":1,"featured_media":68,"parent":0,"menu_order":0,"comment_status":"closed","ping_status":"open","template":"","meta":{"footnotes":""},"class_list":["post-2","page","type-page","status-publish","has-post-thumbnail","hentry"],"_links":{"self":[{"href":"https:\/\/lmsdemo.wp.zitac.net\/index.php?rest_route=\/wp\/v2\/pages\/2","targetHints":{"allow":["GET"]}}],"collection":[{"href":"https:\/\/lmsdemo.wp.zitac.net\/index.php?rest_route=\/wp\/v2\/pages"}],"about":[{"href":"https:\/\/lmsdemo.wp.zitac.net\/index.php?rest_route=\/wp\/v2\/types\/page"}],"author":[{"embeddable":true,"href":"https:\/\/lmsdemo.wp.zitac.net\/index.php?rest_route=\/wp\/v2\/users\/1"}],"replies":[{"embeddable":true,"href":"https:\/\/lmsdemo.wp.zitac.net\/index.php?rest_route=%2Fwp%2Fv2%2Fcomments&post=2"}],"version-history":[{"count":31,"href":"https:\/\/lmsdemo.wp.zitac.net\/index.php?rest_route=\/wp\/v2\/pages\/2\/revisions"}],"predecessor-version":[{"id":87,"href":"https:\/\/lmsdemo.wp.zitac.net\/index.php?rest_route=\/wp\/v2\/pages\/2\/revisions\/87"}],"wp:featuredmedia":[{"embeddable":true,"href":"https:\/\/lmsdemo.wp.zitac.net\/index.php?rest_route=\/wp\/v2\/media\/68"}],"wp:attachment":[{"href":"https:\/\/lmsdemo.wp.zitac.net\/index.php?rest_route=%2Fwp%2Fv2%2Fmedia&parent=2"}],"curies":[{"name":"wp","href":"https:\/\/api.w.org\/{rel}","templated":true}]}}